{"id":352,"date":"2013-10-04T11:14:41","date_gmt":"2013-10-04T11:14:41","guid":{"rendered":"http:\/\/tzokrasic.hr\/?page_id=352"},"modified":"2013-10-09T12:49:57","modified_gmt":"2013-10-09T12:49:57","slug":"aktivni-odmor","status":"publish","type":"page","link":"https:\/\/tzokrasic.hr\/?page_id=352","title":{"rendered":"Aktivni odmor"},"content":{"rendered":"<div class=\"wpb_row vc_row-fluid\">\n<div class=\"vc_span12 wpb_column column_container\">\n<div class=\"wpb_wrapper\">\n<div class=\"wpb_text_column wpb_content_element \">\n<div class=\"wpb_wrapper\">\n<p>Kra\u0161i\u0107 je mjesto, jednostavno stvoreno za kopnene avanturiste i raj za izletnike, rekreativce i sve one koji su \u017eeljni u\u017eivanja u prirodnim ljepotama.<\/p>\n<\/p><\/div>\n<\/p><\/div>\n<div class=\"wpb_tabs wpb_content_element\" data-interval=\"0\">\n<div class=\"wpb_wrapper wpb_tour_tabs_wrapper ui-tabs clearfix\">\n<ul class=\"wpb_tabs_nav ui-tabs-nav clearfix\">\n<li><a href=\"#tab-1380883364-1-82\">Biciklizam<\/a><\/li>\n<li><a href=\"#tab-1380885155418-2-7\">Atletska utrka<\/a><\/li>\n<li><a href=\"#tab-1380885218229-3-8\">Motokros staza<\/a><\/li>\n<li><a href=\"#tab-1380883364-2-44\">Planinarenje<\/a><\/li>\n<\/ul>\n<div id=\"tab-1380883364-1-82\" class=\"wpb_tab ui-tabs-panel wpb_ui-tabs-hide clearfix\">\n<div class=\"wpb_text_column wpb_content_element \">\n<div class=\"wpb_wrapper\">\n<p><img loading=\"lazy\" class=\"aligncenter  wp-image-617\" alt=\"divider\" src=\"http:\/\/tzokrasic.hr\/wp-content\/uploads\/2013\/10\/divider.png\" width=\"576\" height=\"12\" srcset=\"https:\/\/tzokrasic.hr\/wp-content\/uploads\/2013\/10\/divider.png 640w, https:\/\/tzokrasic.hr\/wp-content\/uploads\/2013\/10\/divider-300x6.png 300w, https:\/\/tzokrasic.hr\/wp-content\/uploads\/2013\/10\/divider-600x12.png 600w, https:\/\/tzokrasic.hr\/wp-content\/uploads\/2013\/10\/divider-200x4.png 200w\" sizes=\"(max-width: 576px) 100vw, 576px\" \/><\/p>\n<p>&nbsp;<\/p>\n<ul class=\"arrowlist\">\n<li><span style=\"color: #339966;\"><strong>Istra\u017eite Kra\u0161i\u0107 biciklom<\/strong><\/span><b style=\"mso-bidi-font-weight: normal;\"><br \/>\n<\/b><\/li>\n<\/ul>\n<p class=\"MsoNormal\" style=\"text-align: justify;\"><img loading=\"lazy\" class=\"alignleft size-full wp-image-434\" alt=\"biciklizam-300x199\" src=\"http:\/\/tzokrasic.hr\/wp-content\/uploads\/2013\/10\/biciklizam-300x199.jpg\" width=\"300\" height=\"199\" srcset=\"https:\/\/tzokrasic.hr\/wp-content\/uploads\/2013\/10\/biciklizam-300x199.jpg 300w, https:\/\/tzokrasic.hr\/wp-content\/uploads\/2013\/10\/biciklizam-300x199-200x132.jpg 200w\" sizes=\"(max-width: 300px) 100vw, 300px\" \/>Ukoliko \u017eelite do\u017eivjeti Kra\u0161i\u0107 svim osjetilima u\u010dinite to na 2 kota\u010da. Imate savr\u0161enu kombinaciju puteva za vo\u017enju biciklom &#8211; alsfalta, makadama i \u0161umskih staza. Visinska razlika je idealna za bicikliranje jer tu se izmjenjuju doline sa blagim usponima koje dodatno poja\u010davaju osje\u0107aj slobode i kretanja u prirodi.<\/p>\n<p class=\"MsoNormal\" style=\"text-align: justify;\">U vo\u017enji biciklima po kra\u0161i\u0107kom kraju, mogu u\u017eivati zaista svi. Stoga, ukoliko \u017eelite pobje\u0107i od stresne svakodnevnice i napuniti baterije \u2013 uzmite svoje najdra\u017ee prometalo i ravno u Kra\u0161i\u0107. O\u010dekuje vas nezaboravan do\u017eviljaj i puno prirodne svje\u017eine i akcije.<\/p>\n<p>Dolina kardinala je jedno od najomiljenijih okupljali\u0161ta biciklista iz cijele Hrvatske.<\/p>\n<p>Preuzmite biciklisti\u010dke karte<\/p>\n<p>&nbsp;<\/p>\n<p>&nbsp;<\/p>\n<p><img loading=\"lazy\" class=\"wp-image-617 aligncenter\" alt=\"divider\" src=\"http:\/\/tzokrasic.hr\/wp-content\/uploads\/2013\/10\/divider.png\" width=\"576\" height=\"12\" srcset=\"https:\/\/tzokrasic.hr\/wp-content\/uploads\/2013\/10\/divider.png 640w, https:\/\/tzokrasic.hr\/wp-content\/uploads\/2013\/10\/divider-300x6.png 300w, https:\/\/tzokrasic.hr\/wp-content\/uploads\/2013\/10\/divider-600x12.png 600w, https:\/\/tzokrasic.hr\/wp-content\/uploads\/2013\/10\/divider-200x4.png 200w\" sizes=\"(max-width: 576px) 100vw, 576px\" \/><\/p>\n<p class=\"MsoNormal\"><span style=\"mso-spacerun: yes;\">\u00a0<\/span><\/p>\n<\/p><\/div>\n<\/p><\/div>\n<\/p><\/div>\n<div id=\"tab-1380885155418-2-7\" class=\"wpb_tab ui-tabs-panel wpb_ui-tabs-hide clearfix\">\n<div class=\"wpb_text_column wpb_content_element \">\n<div class=\"wpb_wrapper\">\n<p><img loading=\"lazy\" class=\"wp-image-617 aligncenter\" alt=\"divider\" src=\"http:\/\/tzokrasic.hr\/wp-content\/uploads\/2013\/10\/divider.png\" width=\"576\" height=\"12\" srcset=\"https:\/\/tzokrasic.hr\/wp-content\/uploads\/2013\/10\/divider.png 640w, https:\/\/tzokrasic.hr\/wp-content\/uploads\/2013\/10\/divider-300x6.png 300w, https:\/\/tzokrasic.hr\/wp-content\/uploads\/2013\/10\/divider-600x12.png 600w, https:\/\/tzokrasic.hr\/wp-content\/uploads\/2013\/10\/divider-200x4.png 200w\" sizes=\"(max-width: 576px) 100vw, 576px\" \/><\/p>\n<p>&nbsp;<\/p>\n<ul class=\"arrowlist\">\n<li><span style=\"color: #339966;\"><b>Atletska utrka &#8220;Dolinom kardinala&#8221;<\/b><\/span><\/li>\n<\/ul>\n<p style=\"text-align: justify;\"><img loading=\"lazy\" class=\"alignleft size-medium wp-image-548\" alt=\"250976_10150203050123749_818473748_7129267_7406432_n\" src=\"http:\/\/tzokrasic.hr\/wp-content\/uploads\/2013\/10\/250976_10150203050123749_818473748_7129267_7406432_n-300x225.jpg\" width=\"300\" height=\"225\" srcset=\"https:\/\/tzokrasic.hr\/wp-content\/uploads\/2013\/10\/250976_10150203050123749_818473748_7129267_7406432_n-300x225.jpg 300w, https:\/\/tzokrasic.hr\/wp-content\/uploads\/2013\/10\/250976_10150203050123749_818473748_7129267_7406432_n-600x450.jpg 600w, https:\/\/tzokrasic.hr\/wp-content\/uploads\/2013\/10\/250976_10150203050123749_818473748_7129267_7406432_n-200x150.jpg 200w, https:\/\/tzokrasic.hr\/wp-content\/uploads\/2013\/10\/250976_10150203050123749_818473748_7129267_7406432_n.jpg 720w\" sizes=\"(max-width: 300px) 100vw, 300px\" \/>Poglavarstvo op\u0107ine Kra\u0161i\u0107 svake godine organizira atletsku utrku Dolinom kardinala u Kra\u0161i\u0107u. Utrka se tradicionalno odr\u017eava po\u010detkom svibnja odnosno u \u010dast ro\u0111enja bla\u017eenog Alojzija Stepinca (8. svibnja).<\/p>\n<p>Trasa staze od 23,4 kilometra prolazi uz rodne ku\u0107e hrvatskih kardinala i biskupa. Staza je brdovita i zahtjevna ali svake godine okuplja sve vi\u0161e i vi\u0161e maratonaca te je uvr\u0161tena i u kalendar Europske federacije.<\/p>\n<p>&nbsp;<\/p>\n<p>&nbsp;<\/p>\n<p style=\"text-align: center;\"><img loading=\"lazy\" class=\"wp-image-617 aligncenter\" alt=\"divider\" src=\"http:\/\/tzokrasic.hr\/wp-content\/uploads\/2013\/10\/divider.png\" width=\"576\" height=\"12\" srcset=\"https:\/\/tzokrasic.hr\/wp-content\/uploads\/2013\/10\/divider.png 640w, https:\/\/tzokrasic.hr\/wp-content\/uploads\/2013\/10\/divider-300x6.png 300w, https:\/\/tzokrasic.hr\/wp-content\/uploads\/2013\/10\/divider-600x12.png 600w, https:\/\/tzokrasic.hr\/wp-content\/uploads\/2013\/10\/divider-200x4.png 200w\" sizes=\"(max-width: 576px) 100vw, 576px\" \/><\/p>\n<\/p><\/div>\n<\/p><\/div>\n<\/p><\/div>\n<div id=\"tab-1380885218229-3-8\" class=\"wpb_tab ui-tabs-panel wpb_ui-tabs-hide clearfix\">\n<div class=\"wpb_text_column wpb_content_element \">\n<div class=\"wpb_wrapper\">\n<p style=\"text-align: center;\"><img loading=\"lazy\" class=\"aligncenter  wp-image-617\" alt=\"divider\" src=\"http:\/\/tzokrasic.hr\/wp-content\/uploads\/2013\/10\/divider.png\" width=\"576\" height=\"12\" srcset=\"https:\/\/tzokrasic.hr\/wp-content\/uploads\/2013\/10\/divider.png 640w, https:\/\/tzokrasic.hr\/wp-content\/uploads\/2013\/10\/divider-300x6.png 300w, https:\/\/tzokrasic.hr\/wp-content\/uploads\/2013\/10\/divider-600x12.png 600w, https:\/\/tzokrasic.hr\/wp-content\/uploads\/2013\/10\/divider-200x4.png 200w\" sizes=\"(max-width: 576px) 100vw, 576px\" \/><\/p>\n<p>&nbsp;<\/p>\n<ul class=\"arrowlist\">\n<li><span style=\"color: #339966;\"><b>Motokros staza<\/b><\/span><\/li>\n<\/ul>\n<p style=\"text-align: justify;\"><img loading=\"lazy\" class=\"alignleft size-full wp-image-550\" alt=\"moto\" src=\"http:\/\/tzokrasic.hr\/wp-content\/uploads\/2013\/10\/moto.jpg\" width=\"247\" height=\"217\" srcset=\"https:\/\/tzokrasic.hr\/wp-content\/uploads\/2013\/10\/moto.jpg 247w, https:\/\/tzokrasic.hr\/wp-content\/uploads\/2013\/10\/moto-200x175.jpg 200w\" sizes=\"(max-width: 247px) 100vw, 247px\" \/>Na lijepo ure\u0111enoj\u00a0 motokros stazi\u00a0 Draga u Kra\u0161i\u0107u ve\u0107 se tradicionalno odr\u017eava Otvorena prvenstvo Hrvatske u superkrossu i quadcrossu.<\/p>\n<p>Uz najbolje hrvatske voza\u010de, nastupaju i gosti iz drugih zemalja.<\/p>\n<p>Taj uzbudljivi sport iz godine u godinu privla\u010di sve ve\u0107i broj zainteresiranih posjetitelja.<\/p>\n<p>&nbsp;<\/p>\n<p>&nbsp;<\/p>\n<p>&nbsp;<\/p>\n<p>&nbsp;<\/p>\n<p><img loading=\"lazy\" class=\"wp-image-617 alignnone\" alt=\"divider\" src=\"http:\/\/tzokrasic.hr\/wp-content\/uploads\/2013\/10\/divider.png\" width=\"576\" height=\"12\" srcset=\"https:\/\/tzokrasic.hr\/wp-content\/uploads\/2013\/10\/divider.png 640w, https:\/\/tzokrasic.hr\/wp-content\/uploads\/2013\/10\/divider-300x6.png 300w, https:\/\/tzokrasic.hr\/wp-content\/uploads\/2013\/10\/divider-600x12.png 600w, https:\/\/tzokrasic.hr\/wp-content\/uploads\/2013\/10\/divider-200x4.png 200w\" sizes=\"(max-width: 576px) 100vw, 576px\" \/><\/p>\n<\/p><\/div>\n<\/p><\/div>\n<\/p><\/div>\n<div id=\"tab-1380883364-2-44\" class=\"wpb_tab ui-tabs-panel wpb_ui-tabs-hide clearfix\">\n<div class=\"wpb_text_column wpb_content_element \">\n<div class=\"wpb_wrapper\">\n<p><img loading=\"lazy\" class=\"aligncenter  wp-image-617\" alt=\"divider\" src=\"http:\/\/tzokrasic.hr\/wp-content\/uploads\/2013\/10\/divider.png\" width=\"576\" height=\"12\" srcset=\"https:\/\/tzokrasic.hr\/wp-content\/uploads\/2013\/10\/divider.png 640w, https:\/\/tzokrasic.hr\/wp-content\/uploads\/2013\/10\/divider-300x6.png 300w, https:\/\/tzokrasic.hr\/wp-content\/uploads\/2013\/10\/divider-600x12.png 600w, https:\/\/tzokrasic.hr\/wp-content\/uploads\/2013\/10\/divider-200x4.png 200w\" sizes=\"(max-width: 576px) 100vw, 576px\" \/><\/p>\n<p>&nbsp;<\/p>\n<ul class=\"arrowlist\">\n<li><span style=\"color: #339966;\"><b>Planinarenje<\/b><\/span><\/li>\n<\/ul>\n<p><img loading=\"lazy\" class=\"alignleft size-medium wp-image-551\" alt=\"2013-05-04-Zumberak-07\" src=\"http:\/\/tzokrasic.hr\/wp-content\/uploads\/2013\/10\/2013-05-04-Zumberak-07-300x199.jpg\" width=\"300\" height=\"199\" srcset=\"https:\/\/tzokrasic.hr\/wp-content\/uploads\/2013\/10\/2013-05-04-Zumberak-07-300x199.jpg 300w, https:\/\/tzokrasic.hr\/wp-content\/uploads\/2013\/10\/2013-05-04-Zumberak-07-600x399.jpg 600w, https:\/\/tzokrasic.hr\/wp-content\/uploads\/2013\/10\/2013-05-04-Zumberak-07-200x133.jpg 200w, https:\/\/tzokrasic.hr\/wp-content\/uploads\/2013\/10\/2013-05-04-Zumberak-07.jpg 800w\" sizes=\"(max-width: 300px) 100vw, 300px\" \/>Otkrijte \u010dari planinarenja !<\/p>\n<p>Planinarenje ili tek \u0161etnja po okolnim brdima idealan je spoj zabave i boravka na svje\u017eem zraku.<\/p>\n<p>&nbsp;<\/p>\n<p>&nbsp;<\/p>\n<p>&nbsp;<\/p>\n<p>&nbsp;<\/p>\n<p>&nbsp;<\/p>\n<p><img loading=\"lazy\" class=\"aligncenter  wp-image-617\" alt=\"divider\" src=\"http:\/\/tzokrasic.hr\/wp-content\/uploads\/2013\/10\/divider.png\" width=\"576\" height=\"12\" srcset=\"https:\/\/tzokrasic.hr\/wp-content\/uploads\/2013\/10\/divider.png 640w, https:\/\/tzokrasic.hr\/wp-content\/uploads\/2013\/10\/divider-300x6.png 300w, https:\/\/tzokrasic.hr\/wp-content\/uploads\/2013\/10\/divider-600x12.png 600w, https:\/\/tzokrasic.hr\/wp-content\/uploads\/2013\/10\/divider-200x4.png 200w\" sizes=\"(max-width: 576px) 100vw, 576px\" \/><\/p>\n<\/p><\/div>\n<\/p><\/div>\n<\/p><\/div>\n<\/p><\/div>\n<\/p><\/div>\n<\/p><\/div>\n<\/p><\/div>\n<\/div>\n","protected":false},"excerpt":{"rendered":"Kra\u0161i\u0107 je mjesto, jednostavno stvoreno za kopnene avanturiste i raj za izletnike, rekreativce i sve one koji su \u017eeljni u\u017eivanja u prirodnim ljepotama. BiciklizamAtletska utrkaMotokros stazaPlaninarenje &nbsp; Istra\u017eite Kra\u0161i\u0107 biciklom Ukoliko \u017eelite do\u017eivjeti Kra\u0161i\u0107 svim osjetilima u\u010dinite to na 2 kota\u010da. Imate savr\u0161enu kombinaciju puteva za vo\u017enju biciklom - alsfalta, makadama i \u0161umskih staza. Visinska [...]","protected":false},"author":1,"featured_media":433,"parent":0,"menu_order":0,"comment_status":"open","ping_status":"open","template":"","meta":{"ngg_post_thumbnail":0},"_links":{"self":[{"href":"https:\/\/tzokrasic.hr\/index.php?rest_route=\/wp\/v2\/pages\/352"}],"collection":[{"href":"https:\/\/tzokrasic.hr\/index.php?rest_route=\/wp\/v2\/pages"}],"about":[{"href":"https:\/\/tzokrasic.hr\/index.php?rest_route=\/wp\/v2\/types\/page"}],"author":[{"embeddable":true,"href":"https:\/\/tzokrasic.hr\/index.php?rest_route=\/wp\/v2\/users\/1"}],"replies":[{"embeddable":true,"href":"https:\/\/tzokrasic.hr\/index.php?rest_route=%2Fwp%2Fv2%2Fcomments&post=352"}],"version-history":[{"count":16,"href":"https:\/\/tzokrasic.hr\/index.php?rest_route=\/wp\/v2\/pages\/352\/revisions"}],"predecessor-version":[{"id":640,"href":"https:\/\/tzokrasic.hr\/index.php?rest_route=\/wp\/v2\/pages\/352\/revisions\/640"}],"wp:featuredmedia":[{"embeddable":true,"href":"https:\/\/tzokrasic.hr\/index.php?rest_route=\/wp\/v2\/media\/433"}],"wp:attachment":[{"href":"https:\/\/tzokrasic.hr\/index.php?rest_route=%2Fwp%2Fv2%2Fmedia&parent=352"}],"curies":[{"name":"wp","href":"https:\/\/api.w.org\/{rel}","templated":true}]}}