{"id":650,"date":"2013-10-10T11:27:07","date_gmt":"2013-10-10T11:27:07","guid":{"rendered":"http:\/\/tzokrasic.hr\/?page_id=650"},"modified":"2023-01-24T15:39:13","modified_gmt":"2023-01-24T13:39:13","slug":"kontakt","status":"publish","type":"page","link":"https:\/\/tzokrasic.hr\/?page_id=650","title":{"rendered":"Kontakt"},"content":{"rendered":"<div class=\"col_12\">\n<ul class=\"arrowlist\">\n<li><strong>Adresa:<\/strong><\/li>\n<\/ul>\n<p>Turisti\u010dka zajednica op\u0107ine Kra\u0161i\u0107<br \/>\nKra\u0161i\u0107 101<br \/>\n10454 Kra\u0161i\u0107<\/p>\n<p><span style=\"color: #ffffff;\">.<\/span><\/p>\n<ul class=\"arrowlist\">\n<li><strong>Predsjednik Turisti\u010dke zajednice:<\/strong><\/li>\n<\/ul>\n<p>Josip Petkovi\u0107 Fajnik, dipl.oec.<\/p>\n<p><span style=\"color: #ffffff;\">.<\/span><\/p>\n<ul class=\"arrowlist\">\n<li><strong>Ured&nbsp; TZO Kra\u0161i\u0107<\/strong><\/li>\n<li><strong>Tel:<\/strong> 01\/ 6270- 910<\/li>\n<li><strong>Fax:<\/strong> 01\/ 6271- 635<\/li>\n<li><strong>E-mail:<\/strong> <a href=\"mailto:info@tzokrasic.hr\">info@tzokrasic.hr<\/a><\/li>\n<\/ul>\n<ul class=\"arrowlist\">\n<li><strong>OIB<\/strong>: 42337444009<\/li>\n<\/ul>\n<p><span style=\"color: #ffffff;\">.<\/span><\/p>\n<\/div>\n<div class=\"col_12_last\"><iframe loading=\"lazy\" src=\"https:\/\/maps.google.com\/maps?hl=hr&amp;q=kra%C5%A1i%C4%87&amp;ie=UTF8&amp;hq=&amp;hnear=Kra%C5%A1i%C4%87,+Zagreba%C4%8Dka+%C5%BEupanija,+Hrvatska&amp;t=m&amp;iwloc=A&amp;ll=45.653706,15.517643&amp;spn=0.01878,0.037893&amp;output=embed\" width=\"425\" height=\"350\" frameborder=\"0\" marginwidth=\"0\" marginheight=\"0\" scrolling=\"no\"><\/iframe>\n<\/div>\n","protected":false},"excerpt":{"rendered":"Adresa: Turisti\u010dka zajednica op\u0107ine Kra\u0161i\u0107 Kra\u0161i\u0107 101 10454 Kra\u0161i\u0107 . Predsjednik Turisti\u010dke zajednice: Josip Petkovi\u0107 Fajnik, dipl.oec. . Ured&nbsp; TZO Kra\u0161i\u0107 Tel: 01\/ 6270- 910 Fax: 01\/ 6271- 635 E-mail: info@tzokrasic.hr OIB: 42337444009 .","protected":false},"author":1,"featured_media":0,"parent":0,"menu_order":0,"comment_status":"open","ping_status":"open","template":"fullwidth-template.php","meta":{"ngg_post_thumbnail":0},"_links":{"self":[{"href":"https:\/\/tzokrasic.hr\/index.php?rest_route=\/wp\/v2\/pages\/650"}],"collection":[{"href":"https:\/\/tzokrasic.hr\/index.php?rest_route=\/wp\/v2\/pages"}],"about":[{"href":"https:\/\/tzokrasic.hr\/index.php?rest_route=\/wp\/v2\/types\/page"}],"author":[{"embeddable":true,"href":"https:\/\/tzokrasic.hr\/index.php?rest_route=\/wp\/v2\/users\/1"}],"replies":[{"embeddable":true,"href":"https:\/\/tzokrasic.hr\/index.php?rest_route=%2Fwp%2Fv2%2Fcomments&post=650"}],"version-history":[{"count":30,"href":"https:\/\/tzokrasic.hr\/index.php?rest_route=\/wp\/v2\/pages\/650\/revisions"}],"predecessor-version":[{"id":8481,"href":"https:\/\/tzokrasic.hr\/index.php?rest_route=\/wp\/v2\/pages\/650\/revisions\/8481"}],"wp:attachment":[{"href":"https:\/\/tzokrasic.hr\/index.php?rest_route=%2Fwp%2Fv2%2Fmedia&parent=650"}],"curies":[{"name":"wp","href":"https:\/\/api.w.org\/{rel}","templated":true}]}}